59675?
5
What is the ten thousands digit of 213114?
1
What is the ten millions digit of 29505113?
2
What is the tens digit of 3202677?
7
What is the hundreds digit of 461681?
6
What is the millions digit of 3809126?
3
What is the hundred thousands digit of 10887398?
8
What is the units digit of 736074?
4
What is the millions digit of 2752833?
2
What is the millions digit of 3659285?
3
What is the tens digit of 20808593?
9
What is the millions digit of 23270396?
3
What is the units digit of 7044978?
8
What is the hundred thousands digit of 3465470?
4
What is the units digit of 363755?
5
What is the units digit of 1411987?
7
What is the hundred thousands digit of 383638?
3
What is the units digit of 101025?
5
What is the thousands digit of 24773414?
3
What is the ten thousands digit of 3752439?
5
What is the tens digit of 21123528?
2
What is the thousands digit of 3129972?
9
What is the hundreds digit of 361966?
9
What is the hundreds digit of 395054?
0
What is the hundred thousands digit of 2325157?
3
What is the thousands digit of 1186228?
6
What is the hundreds digit of 8095233?
2
What is the hundreds digit of 16997636?
6
What is the thousands digit of 2330948?
0
What is the hundreds digit of 20298717?
7
What is the hundreds digit of 5693852?
8
What is the thousands digit of 606557?
6
What is the ten thousands digit of 1180895?
8
What is the millions digit of 19543443?
9
What is the units digit of 2553545?
5
What is the tens digit of 1407695?
9
What is the hundred thousands digit of 444733?
4
What is the millions digit of 2397638?
2
What is the hundred thousands digit of 133513?
1
What is the ten millions digit of 13088501?
1
What is the ten thousands digit of 1733213?
3
What is the units digit of 13160716?
6
What is the thousands digit of 166009?
6
What is the ten thousands digit of 1612990?
1
What is the tens digit of 401756?
5
What is the tens digit of 6949015?
1
What is the ten thousands digit of 327637?
2
What is the tens digit of 500058?
5
What is the thousands digit of 19454594?
4
What is the hundreds digit of 1660354?
3
What is the thousands digit of 17261737?
1
What is the tens digit of 267979?
7
What is the hundreds digit of 646396?
3
What is the thousands digit of 1439371?
9
What is the ten thousands digit of 2397367?
9
What is the tens digit of 225012?
1
What is the tens digit of 216399?
9
What is the units digit of 6748450?
0
What is the units digit of 1052412?
2
What is the ten thousands digit of 1200807?
0
What is the thousands digit of 1634887?
4
What is the millions digit of 9084962?
9
What is the units digit of 3635239?
9
What is the thousands digit of 4116715?
6
What is the hundreds digit of 6362826?
8
What is the ten thousands digit of 777261?
7
What is the tens digit of 79194?
9
What is the thousands digit of 130035?
0
What is the tens digit of 3720789?
8
What is the millions digit of 23220053?
3
What is the thousands digit of 270524?
0
What is the units digit of 5755805?
5
What is the millions digit of 1285216?
1
What is the units digit of 520446?
6
What is the units digit of 428559?
9
What is the thousands digit of 163034?
3
What is the thousands digit of 907312?
7
What is the ten millions digit of 24016665?
2
What is the hundreds digit of 9277615?
6
What is the thousands digit of 2724163?
4
What is the units digit of 1105496?
6
What is the units digit of 828717?
7
What is the tens digit of 57303?
0
What is the thousands digit of 963222?
3
What is the hundred thousands digit of 630742?
6
What is the millions digit of 5147558?
5
What is the tens digit of 64611?
1
What is the units digit of 21191656?
6
What is the hundreds digit of 33749?
7
What is the units digit of 3605446?
6
What is the tens digit of 288497?
9
What is the hundred thousands digit of 271929?
2
What is the thousands digit of 271115?
1
What is the ten thousands digit of 1361025?
6
What is the ten millions digit of 28774837?
2
What is the thousands digit of 21630197?
0
What is the hundred thousands digit of 964373?
9
What is the thousands digit of 129674?
9
What is the thousands digit of 3770533?
0
What is the ten thousands digit of 590898?
9
What is the thousands digit of 1119373?
9
What is the units digit of 23884862?
2
What is the hundreds digit of 772639?
6
What is the thousands digit of 489142?
9
What is the thousands digit of 7520113?
0
What is the ten thousands digit of 54680?
5
What is the units digit of 488305?
5
What is the ten thousands digit of 279021?
7
What is the units digit of 9379553?
3
What is the ten thousands digit of 230572?
3
What is the tens digit of 540518?
1
What is the hundreds digit of 1266841?
8
What is the tens digit of 492688?
8
What is the units digit of 759446?
6
What is the units digit of 4276224?
4
What is the ten thousands digit of 4297146?
9
What is the ten millions digit of 16521869?
1
What is the hundreds digit of 43597?
5
What is the hundreds digit of 6544762?
7
What is the hundred thousands digit of 16228870?
2
What is the hundreds digit of 194599?
5
What is the ten thousands digit of 1549727?
4
What is the ten thousands digit of 269915?
6
What is the millions digit of 20336810?
0
What is the units digit of 14889812?
2
What is the hundreds digit of 385307?
3
What is the hundred thousands digit of 470225?
4
What is the hundreds digit of 650538?
5
What is the ten thousands digit of 442941?
4
What is the tens digit of 583840?
4
What is the ten thousands digit of 10358191?
5
What is the ten thousands digit of 1573312?
7
What is the tens digit of 167326?
2
What is the hundred thousands digit of 12423859?
4
What is the hundred thousands digit of 547366?
5
What is the millions digit of 1471852?
1
What is the hundred thousands digit of 710354?
7
What is the tens digit of 219638?
3
What is the thousands digit of 20245972?
5
What is the hundreds digit of 22785077?
0
What is the thousands digit of 2065996?
5
What is the tens digit of 38093626?
2
What is the hundred thousands digit of 3012870?
0
What is the hundreds digit of 336888?
8
What is the units digit of 11319996?
6
What is the thousands digit of 3352638?
2
What is the ten thousands digit of 200116?
0
What is the hundreds digit of 636612?
6
What is the units digit of 2019733?
3
What is the millions digit of 23506735?
3
What is the hundreds digit of 9346843?
8
What is the thousands digit of 803944?
3
What is the hundreds digit of 927212?
2
What is the thousands digit of 593657?
3
What is the thousands digit of 11000984?
0
What is the units digit of 61350?
0
What is the hundred thousands digit of 178321?
1
What is the ten thousands digit of 5492239?
9
What is the thousands digit of 451802?
1
What is the millions digit of 5197363?
5
What is the units digit of 299492?
2
What is the hundreds digit of 4714677?
6
What is the hundreds digit of 9705757?
7
What is the ten thousands digit of 3839665?
3
What is the units digit of 1624760?
0
What is the ten thousands digit of 1464997?
6
What is the ten thousands digit of 628158?
2
What is the hundreds digit of 690571?
5
What is the hundreds digit of 159718?
7
What is the hundred thousands digit of 4356881?
3
What is the ten thousands digit of 877184?
7
What is the units digit of 236612?
2
What is the hundreds digit of 9498683?
6
What is the hundred thousands digit of 2075676?
0
What is the hundreds digit of 125404?
4
What is the tens digit of 2381920?
2
What is the thousands digit of 4607?
4
What is the hundred thousands digit of 356839?
3
What is the hundreds digit of 938102?
1
What is the millions digit of 1024233?
1
What is the units digit of 386467?
7
What is the thousands digit of 2779709?
9
What is the ten thousands digit of 784951?
8
What is the hundred thousands digit of 646204?
6
What is the hundred thousands digit of 1270664?
2
What is the hundred thousands digit of 6661395?
6
What is the thousands digit of 188714?
8
What is the units digit of 45461?
1
What is the hundred thousands digit of 23940448?
9
What is the tens digit of 1265729?
2
What is the hundreds digit of 117272?
2
What is the thousands digit of 227958?
7
What is the units digit of 3310679?
9
What is the tens digit of 588054?
5
What is the tens digit of 8278309?
0
What is the millions digit of 5289393?
5
What is the ten thousands digit of 379047?
7
What is t